Calculate the highest common factor of 56 and r.
14
Suppose -16*c + 58 + 86 = 0. Calculate the highest common factor of c and 72.
9
Let r(l) = 192 + 6*l + 10*l - 21*l. Let f be r(0). Calculate the greatest common divisor of f and 48.
48
Let n be 6*4/8*4*1. What is the greatest common factor of 324 and n?
12
Let s be ((-66)/(-7))/((-4)/(-28)). Suppose 0 = -3*i - 12 + s. Let m = 33 - i. Calculate the greatest common factor of 60 and m.
15
Let y = -21 - -26. Suppose -t - t + 109 = -h, 0 = y*t + 2*h - 286. What is the greatest common divisor of t and 7?
7
Let m(s) = -16*s**3 + s**2 + 2*s + 2. Let h be ((-4)/(-1) - (-3 + 6))/(-1). Let x be m(h). What is the highest common factor of x and 34?
17
Let b(t) = -4*t + 120. Let d be b(9). What is the greatest common divisor of 21 and d?
21
Suppose -5*q = -f - 424, -9*q = -7*q - 2*f - 176. Calculate the highest common divisor of 231 and q.
21
Let u(r) = 14*r + 23. Let j be u(5). Let y = 31 + j. Calculate the greatest common divisor of y and 31.
31
Let y = 315 - 231. Calculate the highest common divisor of y and 364.
28
Let d(i) = -i**3 + 14*i**2 + 17*i - 7. Let c be d(15). Calculate the greatest common factor of 115 and c.
23
Let w(s) = -65*s + 136. Let p be w(2). What is the highest common factor of p and 438?
6
Suppose 6*b - 24 = -18. Let s be 4/(-10) + 84/10. What is the greatest common divisor of s and b?
1
Suppose 22*q - 7629 + 2767 = 0. What is the greatest common factor of 13 and q?
13
Let d(l) = 10*l**2 - l - 2. Let r be d(2). Let v = -143 + 79. Let z = v - -82. Calculate the highest common factor of r and z.
18
Suppose 0 = 2*z - 14 - 20. Suppose 183*s - 94*s - 12104 = 0. Calculate the highest common divisor of s and z.
17
Let m be ((-3)/2)/(18/(-96)). Suppose 0 = m*h - 7*h - 12. Suppose 24 = k + k. What is the greatest common factor of k and h?
12
Let g(t) = -t**3 - t**2 - t + 8. Let h be g(0). Let y be h/4*(-10)/(-1). Suppose -2*q = -y + 4. Calculate the highest common factor of 56 and q.
8
Let b be 7/((3/(-2))/(-3)). Let q = b + -10. Suppose -q*z = -7*z + 54. Calculate the highest common factor of z and 9.
9
Suppose 41*n + 88 = 45*n. Calculate the greatest common divisor of n and 33.
11
Suppose 5*b - z - 4*z = 40, -3*b + 2*z = -26. Let c(m) = 2*m**2 + 4*m - 24. Let t be c(b). Calculate the greatest common divisor of t and 24.
24
Suppose 8*u - 118 = -38. What is the highest common factor of 170 and u?
10
Let j be (-1 - (-1 - -28))*45/(-20). Let n be (-3 + 4)/(1/7). Calculate the greatest common divisor of j and n.
7
Let j(v) = 3 + 21*v - 19*v - 24 + 0. Let r be j(17). What is the highest common factor of 39 and r?
13
Suppose 6*y = 9*y - 4*d - 670, y + 2*d - 220 = 0. What is the greatest common divisor of 592 and y?
74
Suppose 3*w - 1409 = -1049. Let a = 62 + -38. What is the highest common divisor of a and w?
24
Let q(w) = 69*w**2 + 3*w. Let z be q(-2). Let g be (-1)/((-4)/z)*2. Suppose 3*i - g = -15. Calculate the greatest common factor of 20 and i.
20
Suppose 2*w - 54 - 10 = 0. Let x(q) = -q - 3. Let n be x(-6). Suppose -g - 1151 = -7*k + n*k, g = 2*k - 575. Calculate the greatest common divisor of k and w.
32
Suppose 0*p = 4*p. Suppose 1 = -k - p*k. Let s be (k - 0)/(1/(-9)). Calculate the highest common divisor of 72 and s.
9
Let j(i) = i + 15. Let z be j(9). Let f(b) = 7*b**2 - 4*b - 12. Let h be f(6). What is the greatest common divisor of h and z?
24
Let j = -9 - -5. Let c be (2/j)/((-1)/2). Let d(a) = a**2 + 3*a - 10. Let y be d(-6). What is the greatest common factor of y and c?
1
Let b be (-51660)/(-72) - (-5)/(-2). Calculate the highest common divisor of b and 130.
65
Let c(g) = 143*g**2 - 2*g. Let s be c(-2). Suppose 0*p + 9*p - s = 0. Calculate the highest common factor of p and 4.
4
Suppose 125 = 14*f - 71. Calculate the greatest common factor of f and 119.
7
Let p(u) = u + 5. Let a be p(-3). Suppose -a*z = -5*z - 2*t + 81, 2*z - 4*t = 38. Let f be 3154/18 - 4/18. Calculate the greatest common divisor of z and f.
25
Suppose 0 = 4*p - 201 - 87. Suppose -5*x - 5*h = -65, -4*x - 2*h - 4*h = -62. Calculate the greatest common divisor of p and x.
8
Let w(c) = 6*c**2 - 76*c + 50. Let m be w(12). What is the highest common factor of m and 422?
2
Suppose -2*d + 22 + 18 = 0. Let h = 41 - -119. What is the greatest common divisor of h and d?
20
Suppose -213*k + 21349 = -12*k - 12419. Let j = 60 - 39. What is the greatest common factor of j and k?
21
Suppose 1200 = -237*k + 247*k. Calculate the greatest common factor of 1128 and k.
24
Suppose -390*t + 381*t = -45. What is the greatest common divisor of t and 55?
5
Suppose -18*a + 136 = -a. Suppose a*q - 3*q - 125 = 0. Calculate the highest common divisor of q and 200.
25
Let j = 589 - 397. Calculate the greatest common divisor of j and 56.
8
Let w(r) = 121*r - 116. Let q be w(7). What is the highest common factor of q and 17?
17
Let y(j) = -3*j**3 + 2*j**2 - j + 3. Let v be y(-3). What is the highest common factor of v and 30?
15
Let o be (366/8)/((-33)/88). Let t = -71 - o. What is the greatest common divisor of 34 and t?
17
Let w(p) = p**2 - 2*p. Suppose z = -0*z + 3. Let v be w(z). Suppose -v = -2*g - 9, -5*k - g = -52. Calculate the greatest common factor of k and 1.
1
Suppose 11*k - 6 = 10*k. Let f(p) = -p**2 + 9*p - 10. Let b be f(k). Suppose a + 3 = b. Calculate the highest common factor of a and 2.
1
Suppose -12*h - 286 = -3*n - 11*h, 4*h - 200 = -2*n. Calculate the highest common factor of n and 40.
8
Suppose -2*z + 1 = z + 5*m, 4*m = -4. Suppose -810 = -4*k - z*k. Let s = 16 - 1. Calculate the greatest common factor of s and k.
15
Suppose y - 11 = 1. Suppose 15*q - 120 = y*q. Calculate the greatest common factor of 10 and q.
10
Let t = -98 - -104. Let h = -41 + 25. Let u = h - -34. What is the highest common divisor of u and t?
6
Suppose 8*p = 339 + 501. What is the highest common factor of p and 140?
35
Let o = 27 + -21. Suppose -a = -o*a + 105. Calculate the greatest common factor of 14 and a.
7
Let u be (1 + 1 + -1)*30. Let n be 7 - (-75)/(-125)*5/3. What is the highest common divisor of u and n?
6
Let t = -2419 + 2509. What is the highest common divisor of 522 and t?
18
Let t be 3*4/28 + 60/7. Let o be (-6)/(-18) - 321/(-9). What is the greatest common factor of o and t?
9
Let f(d) be the first derivative of -d**3/3 - 7*d**2 - 12*d - 1. Let x be f(-3). Calculate the greatest common factor of 77 and x.
7
Suppose -16 = -4*s + 3*f, 5*s - f = 5 + 4. Calculate the highest common divisor of 7 and s.
1
Suppose -f + 16 - 13 = 0. Suppose 5*j + 3*u = 136, -12 = u + f*u. Calculate the greatest common factor of j and 319.
29
Let z(o) = 6*o + 40. Let y(a) = a. Let p(g) = -2*y(g) + z(g). Let m be p(0). Calculate the greatest common divisor of m and 10.
10
Suppose -w + 8 = -5*x - 6, -3*w = -2*x - 16. Let v = x + -28. Let b = v - -54. What is the greatest common divisor of b and 48?
24
Let b be 39/1 + -3 + 5. Suppose 4*w - b = -3*t, -4*t + 44 = -3*w + 6. Let y = 20 - t. Calculate the highest common factor of 6 and y.
3
Suppose -4*s + 66 = -234. Suppose 0 = -i + 4*i + 5*j + 38, 0 = -5*i + 3*j - 18. Let g = i + 21. Calculate the highest common divisor of g and s.
15
Let i(d) = 2*d**3 + 12*d**2 - 6*d - 28. Let s be i(-6). Calculate the highest common factor of 472 and s.
8
Let j = 7 + 25. Let w(c) = -14*c - 4. Let q be w(-1). Suppose -q*i + 5*i + 40 = 0. What is the greatest common factor of j and i?
8
Let c = -560 + 900. Calculate the highest common divisor of 20 and c.
20
Suppose j + 3*u - 17 = 0, 2*u - 21 = -j - 2*u. Calculate the highest common factor of 125 and j.
5
Let w be (1/(-3))/((-5)/1815). Suppose 0 = -3*g + 15 + 33. Suppose 40 = 4*h + 4*t - g, 4*t + 10 = 2*h. Calculate the greatest common factor of w and h.
11
Suppose 0 = 4*k + 4*h - 16, -k + 3*h - 2*h = 2. Calculate the greatest common divisor of 107 and k.
1
Suppose 14*q = -12*q + 832. Calculate the greatest common divisor of q and 192.
32
Let m(s) = -2*s - 4. Let t be m(-3). Suppose -t*a - 36 = -5*a. Suppose -14 + 266 = 3*l. Calculate the greatest common divisor of a and l.
12
Let i be (6/(-3))/(1 - -1). Let m be (-8 - i)*8/(-14). Calculate the highest common divisor of m and 20.
4
Let h = 3231 - 3051. Let q = 21 - 7. Let m = q - -6. What is the greatest common divisor of m and